153.
152
What is the remainder when 1588045 is divided by 793619?
807
What is the remainder when 137945 is divided by 1097?
820
Calculate the remainder when 31199496 is divided by 22.
20
What is the remainder when 2829437 is divided by 943123?
68
Calculate the remainder when 36142805 is divided by 334.
331
Calculate the remainder when 4304184 is divided by 40226.
2
What is the remainder when 2368182 is divided by 1138?
4
What is the remainder when 111765 is divided by 36861?
1182
Calculate the remainder when 13914604 is divided by 4638195.
19
Calculate the remainder when 216913 is divided by 4741.
3568
Calculate the remainder when 19602514 is divided by 82711.
7
What is the remainder when 5711761 is divided by 115?
56
Calculate the remainder when 117563 is divided by 118.
35
Calculate the remainder when 698998768 is divided by 498.
490
Calculate the remainder when 1341 is divided by 228.
201
What is the remainder when 64555 is divided by 31381?
1793
Calculate the remainder when 565664 is divided by 187813.
2225
What is the remainder when 121502 is divided by 3373?
74
What is the remainder when 60236 is divided by 818?
522
Calculate the remainder when 3122746 is divided by 1930.
6
What is the remainder when 71473228 is divided by 801?
799
Calculate the remainder when 32204585 is divided by 172.
165
Calculate the remainder when 433458 is divided by 41.
6
Calculate the remainder when 254986 is divided by 190.
6
What is the remainder when 8696208 is divided by 1449367?
6
What is the remainder when 133182 is divided by 1959?
1929
Calculate the remainder when 20660991 is divided by 1276.
1275
What is the remainder when 71972 is divided by 14238?
782
Calculate the remainder when 408194 is divided by 408179.
15
Calculate the remainder when 857634676 is divided by 269.
268
Calculate the remainder when 72518846 is divided by 32.
30
What is the remainder when 800089 is divided by 2549?
2252
Calculate the remainder when 158861751 is divided by 7961.
7957
Calculate the remainder when 173233127 is divided by 5588165.
12
Calculate the remainder when 8276876 is divided by 77.
69
Calculate the remainder when 55562543 is divided by 69.
17
Calculate the remainder when 922517 is divided by 9218.
717
Calculate the remainder when 2483279 is divided by 237.
230
What is the remainder when 92702685 is divided by 767?
764
What is the remainder when 26284 is divided by 26266?
18
What is the remainder when 106705408 is divided by 6882?
6880
What is the remainder when 11910349 is divided by 1297?
1295
What is the remainder when 5576555 is divided by 177?
170
What is the remainder when 21859758 is divided by 508?
10
What is the remainder when 33276303 is divided by 76?
7
Calculate the remainder when 199516518 is divided by 15347423.
19
What is the remainder when 91087 is divided by 2412?
1843
Calculate the remainder when 24513 is divided by 7636.
1605
What is the remainder when 781277 is divided by 3785?
1567
What is the remainder when 202499 is divided by 6025?
3674
What is the remainder when 5379853 is divided by 1112?
1109
Calculate the remainder when 7384844 is divided by 429.
38
What is the remainder when 30780932 is divided by 815?
12
Calculate the remainder when 58494 is divided by 306.
48
What is the remainder when 3967285 is divided by 146936?
13
What is the remainder when 337287 is divided by 856?
23
What is the remainder when 117812 is divided by 990?
2
Calculate the remainder when 27159 is divided by 3822.
405
What is the remainder when 47920650 is divided by 323788?
26
What is the remainder when 2937568 is divided by 1725?
1618
Calculate the remainder when 73028 is divided by 5597.
267
What is the remainder when 2016306 is divided by 4700?
6
What is the remainder when 1989101 is divided by 1889?
1873
What is the remainder when 32366 is divided by 3569?
245
Calculate the remainder when 14794193 is divided by 6777.
2
Calculate the remainder when 1980 is divided by 1419.
561
Calculate the remainder when 51069197 is divided by 76.
9
Calculate the remainder when 715093 is divided by 357503.
87
Calculate the remainder when 8537222 is divided by 1702.
1692
Calculate the remainder when 69013411 is divided by 108.
7
Calculate the remainder when 474528 is divided by 118611.
84
Calculate the remainder when 69342 is divided by 3145.
152
Calculate the remainder when 4663023 is divided by 13.
1
What is the remainder when 878310 is divided by 97585?
45
Calculate the remainder when 177788157 is divided by 2640.
2637
Calculate the remainder when 7099223 is divided by 66.
65
Calculate the remainder when 261143 is divided by 1228.
807
Calculate the remainder when 13032705 is divided by 1303270.
5
Calculate the remainder when 22811943 is divided by 76.
11
Calculate the remainder when 5359536 is divided by 47853.
0
What is the remainder when 1225684 is divided by 1223185?
2499
What is the remainder when 16773 is divided by 1224?
861
What is the remainder when 90900 is divided by 88877?
2023
Calculate the remainder when 2429903 is divided by 570.
563
What is the remainder when 61940 is divided by 28439?
5062
Calculate the remainder when 425986394 is divided by 44.
42
What is the remainder when 2719155 is divided by 906335?
150
What is the remainder when 39312213 is divided by 1026?
1023
Calculate the remainder when 3461126 is divided by 3504.
2678
What is the remainder when 13449941 is divided by 2083?
10
What is the remainder when 68421 is divided by 68382?
39
What is the remainder when 3664072 is divided by 19?
17
What is the remainder when 2019132 is divided by 673017?
81
Calculate the remainder when 278389 is divided by 1313.
33
What is the remainder when 53063 is divided by 46894?
6169
What is the remainder when 5214724 is divided by 166?
0
What is the remainder when 21813662 is divided by 5?
2
What is the remainder when 21922 is divided by 21559?
363
What is the remainder when 13500322 is divided by 4762?
52
Calculate the remainder when 32056 is divided by 632.
456
What is the remainder when 158975 is divided by 154261?
4714
What is the remainder when 11645136 is divided by 7242?
0
What is the remainder when 7187716 is divided by 140?
116
Calculate the remainder when 2670194 is divided by 296683.
47
What is the remainder when 347406 is divided by 767?
722
What is the remainder when 7593 is divided by 1514?
23
What is the remainder when 7970477 is divided by 332103?
5
What is the remainder when 571046 is divided by 285499?
48
What is the remainder when 183289 is divided by 22893?
145
What is the remainder when 2778696 is divided by 54484?
12
Calculate the remainder when 108560 is divided by 531.
236
Calculate the remainder when 19772891 is divided by 754.
749
Calculate the remainder when 106584870 is divided by 7613204.
14
Calculate the remainder when 97386016 is divided by 542.
540
What is the remainder when 510920 is divided by 510806?
114
What is the remainder when 9734664 is divided by 9201?
6
Calculate the remainder when 15428100 is divided by 276.
252
What is the remainder when 2793970 is divided by 399079?
417
What is the remainder when 1663776 is divided by 104?
88
Calculate the remainder when 413122 is divided by 11475.
22
What is the remainder when 667069045 is divided by 49?
48
What is the remainder when 28402305 is divided by 18?
15
What is the remainder when 10935246 is divided by 26?
10
Calculate the remainder when 589145 is divided by 3645.
2300
What is the remainder when 38149 is divided by 2231?
222
Calculate the remainder when 155922 is divided by 154908.
1014
What is the remainder when 119611889 is divided by 23922377?
4
Calculate the remainder when 2561468 is divided by 328.
116
What is the remainder when 90882 is divided by 3494?
38
What is the remainder when 1618774 is divided by 43?
39
Calculate the remainder when 153567 is divided by 4248.
639
Calculate the remainder when 553656 is divided by 254.
190
Calculate the remainder when 139415 is divided by 1055.
155
Calculate the remainder when 4704754 is divided by 123.
4
Calculate the remainder when 1738868 is divided by 43.
34
Calculate the remainder when 13276417 is divided by 20.
17
What is the remainder when 169134 is divided by 9353?
780
What is the remainder when 1781840 is divided by 3629?
1
Cal